en 51756 is divided by 27.
24
Calculate the remainder when 34956 is divided by 540.
396
What is the remainder when 4637 is divided by 1190?
1067
What is the remainder when 6935 is divided by 6?
5
Calculate the remainder when 380 is divided by 12.
8
Calculate the remainder when 27789 is divided by 647.
615
What is the remainder when 312334 is divided by 313?
273
What is the remainder when 2887275 is divided by 43?
40
Calculate the remainder when 18070 is divided by 68.
50
What is the remainder when 56224 is divided by 8?
0
What is the remainder when 6640 is divided by 102?
10
What is the remainder when 2175 is divided by 188?
107
What is the remainder when 11735 is divided by 18?
17
Calculate the remainder when 967723 is divided by 85.
83
What is the remainder when 1906 is divided by 327?
271
Calculate the remainder when 25571 is divided by 337.
296
What is the remainder when 275783 is divided by 39397?
4
Calculate the remainder when 17733 is divided by 12.
9
What is the remainder when 71398 is divided by 2461?
29
Calculate the remainder when 48136 is divided by 213.
211
Calculate the remainder when 4579 is divided by 347.
68
Calculate the remainder when 440398 is divided by 30.
28
Calculate the remainder when 150873 is divided by 32.
25
Calculate the remainder when 1848691 is divided by 116.
115
What is the remainder when 152637 is divided by 94?
75
Calculate the remainder when 19205 is divided by 1299.
1019
Calculate the remainder when 613461 is divided by 29.
24
What is the remainder when 1305 is divided by 351?
252
Calculate the remainder when 51869 is divided by 42.
41
Calculate the remainder when 2803 is divided by 1390.
23
What is the remainder when 7345 is divided by 815?
10
What is the remainder when 18302 is divided by 11?
9
What is the remainder when 16289 is divided by 428?
25
What is the remainder when 2634 is divided by 439?
0
Calculate the remainder when 452724 is divided by 143.
129
What is the remainder when 2739 is divided by 153?
138
Calculate the remainder when 629 is divided by 113.
64
What is the remainder when 8760 is divided by 4374?
12
Calculate the remainder when 2736 is divided by 117.
45
Calculate the remainder when 961 is divided by 121.
114
Calculate the remainder when 2997 is divided by 1458.
81
What is the remainder when 2292 is divided by 189?
24
Calculate the remainder when 10465 is divided by 1645.
595
What is the remainder when 33809 is divided by 33796?
13
What is the remainder when 3258 is divided by 511?
192
What is the remainder when 7881 is divided by 437?
15
What is the remainder when 8018 is divided by 49?
31
What is the remainder when 77819 is divided by 20?
19
Calculate the remainder when 4399 is divided by 1016.
335
Calculate the remainder when 9031 is divided by 37.
3
Calculate the remainder when 11037 is divided by 30.
27
Calculate the remainder when 68340 is divided by 18.
12
Calculate the remainder when 657 is divided by 26.
7
Calculate the remainder when 610927 is divided by 1331.
1329
What is the remainder when 441592 is divided by 53?
49
Calculate the remainder when 37854 is divided by 77.
47
What is the remainder when 80451 is divided by 113?
108
What is the remainder when 12529 is divided by 28?
13
What is the remainder when 3252 is divided by 1?
0
What is the remainder when 92811 is divided by 204?
195
Calculate the remainder when 113532 is divided by 22704.
12
Calculate the remainder when 649044 is divided by 318.
6
Calculate the remainder when 3967 is divided by 34.
23
Calculate the remainder when 41398 is divided by 10.
8
Calculate the remainder when 105085 is divided by 562.
553
What is the remainder when 2789 is divided by 710?
659
What is the remainder when 1407 is divided by 95?
77
What is the remainder when 3432 is divided by 86?
78
What is the remainder when 20461 is divided by 57?
55
Calculate the remainder when 1069968 is divided by 133744.
16
Calculate the remainder when 400 is divided by 129.
13
What is the remainder when 2158 is divided by 706?
40
What is the remainder when 1407589 is divided by 42654?
7
What is the remainder when 13702 is divided by 597?
568
Calculate the remainder when 48012 is divided by 1337.
1217
What is the remainder when 21914 is divided by 13?
9
What is the remainder when 4526 is divided by 1468?
122
Calculate the remainder when 11889 is divided by 1481.
41
Calculate the remainder when 619998 is divided by 310.
308
Calculate the remainder when 47801 is divided by 148.
145
Calculate the remainder when 26856 is divided by 84.
60
Calculate the remainder when 1431 is divided by 164.
119
What is the remainder when 8936 is divided by 750?
686
Calculate the remainder when 7238 is divided by 2409.
11
Calculate the remainder when 2475 is divided by 313.
284
Calculate the remainder when 15983 is divided by 432.
431
What is the remainder when 73527 is divided by 5642?
181
What is the remainder when 253501 is divided by 252?
241
What is the remainder when 22945 is divided by 21?
13
Calculate the remainder when 728 is divided by 164.
72
What is the remainder when 97025 is divided by 49?
5
What is the remainder when 3504 is divided by 382?
66
Calculate the remainder when 15833 is divided by 47.
41
What is the remainder when 3086 is divided by 228?
122
What is the remainder when 71074 is divided by 421?
346
Calculate the remainder when 15906 is divided by 455.
436
Calculate the remainder when 25988 is divided by 230.
228
Calculate the remainder when 22602 is divided by 5648.
10
What is the remainder when 5266 is divided by 1739?
49
Calculate the remainder when 5127 is divided by 114.
111
Calculate the remainder when 2269 is divided by 452.
9
Calculate the remainder when 5641 is divided by 1269.
565
What is the remainder when 151524 is divided by 376?
372
Calculate the remainder when 11523 is divided by 411.
15
Calculate the remainder when 4064 is divided by 367.
27
Calculate the remainder when 2639423 is divided by 170.
3
Calculate the remainder when 139443 is divided by 19901.
136
Calculate the remainder when 239887 is divided by 72.
55
Calculate the remainder when 12917 is divided by 20.
17
Calculate the remainder when 1565053 is divided by 241.
240
Calculate the remainder when 1122 is divided by 154.
44
Calculate the remainder when 2044210 is divided by 511052.
2
What is the remainder when 2056351 is divided by 75?
1
Calculate the remainder when 376933 is divided by 63.
4
What is the remainder when 87539 is divided by 43759?
21
What is the remainder when 19017 is divided by 3790?
67
What is the remainder when 60061 is divided by 73?
55
Calculate the remainder when 1646 is divided by 1484.
162
Calculate the remainder when 404593 is divided by 20.
13
What is the remainder when 61510 is divided by 800?
710
Calculate the remainder when 47045 is divided by 329.
327
What is the remainder when 6271 is divided by 233?
213
Calculate the remainder when 2814 is divided by 326.
206
What is the remainder when 9451 is divided by 349?
28
What is the remainder when 3419 is divided by 65?
39
What is the remainder when 9473 is divided by 338?
9
Calculate the remainder when 856690 is divided by 477.
475
What is the remainder when 17596 is divided by 16473?
1123
Calculate the remainder when 722504 is divided by 19527.
5
Calculate the remainder when 4645 is divided by 28.
25
What is the remainder when 210807 is divided by 52?
51
What is the remainder when 143174 is divided by 249?
248
What is the remainder when 4237 is divided by 3934?
303
Calculate the remainder when 6746 is divided by 13.
12
What is the remainder when 3188 is divided by 617?
103
Calculate the remainder when 186009 is divided by 38.
37
Calculate the remainder when 795 is divided by 31.
20
Calculate the remainder when 3931 is divided by 172.
147
Calculate the remainder when 22518 is divided by 7.
6
What is the remainder when 64004 is divided by 944?
756
Calculate the remainder when 559418 is divided by 148.
126
What is the remainder when 305096 is divided by 36?
32
Calculate the remainder when 268257 is divided by 13411.
37
Calculate the remainder when 4538 is divided by 303.
296
What is the remainder when 23545 is divided by 345?
85
What is the remainder when 8816 is divided by 1271?
1190
Calculate the remainde